What is the remainder when f is divided by j?
7
Calculate the remainder when 67 is divided by 20/3*3 - (4 + -2).
13
Let b be -4 - 1 - (3 - 1). Let s(n) = -n**2 - 9*n - 10. What is the remainder when 18 is divided by s(b)?
2
Suppose 0*j - j + 1295 = 0. Suppose 3*m - 577 = j. What is the remainder when m/20 - (-2)/(-10) is divided by 16?
15
Suppose -5 = -3*y + 13. Suppose -y*k - 480 = -2*k. What is the remainder when 9 is divided by (4/(-10))/(12/k)?
1
Suppose 3*z + 5*i = 148, -z + 3*i = -3*z + 99. Calculate the remainder when z is divided by 0/(-2) + 15 + -2.
12
Suppose 20 = 3*d - 2*s, 4*d - s = 3*d + 5. Calculate the remainder when 39 is divided by d.
9
Let c be 310/7 - (-4)/(-14). Let a = c + -2. Let n = a - 30. What is the remainder when 35 is divided by n?
11
Let m(b) = 5*b**2 - 2*b + 6. Let z be (-3)/3*-1 + 3. What is the remainder when m(z) is divided by 27?
24
Let t(w) = -w**3 - 3*w**2 + 2*w + 1. Suppose 2*f - 6 = 2*p, 2 + 4 = 4*f + 2*p. Suppose -f*j - 5 = -3*j. Calculate the remainder when t(-4) is divided by j.
4
Let p = -31 + 50. Calculate the remainder when 53 is divided by p.
15
Suppose 16 = 5*q - 19. Let c(g) = -g**3 + 8*g**2 + g - 2. Calculate the remainder when c(q) is divided by 19.
16
Let d = -52 - -57. What is the remainder when 17 is divided by d?
2
Suppose 0 = -k + 5*k - 96. Let s(v) = -2*v + 5. Calculate the remainder when k is divided by s(-4).
11
Let u be 1 + 2 + 5 - 1. Let i = u + 10. Calculate the remainder when i is divided by 5.
2
Let h = 124 + -122. Let u = 4 + -1. What is the remainder when u is divided by h?
1
Suppose -3*o - 3*o + 12 = 0. What is the remainder when 6/27 - (-43)/9 is divided by o?
1
Let n = 17 + -10. Suppose 0 = -4*u - 2*u + 198. What is the remainder when u is divided by n?
5
Suppose -54 = -2*q + 46. What is the remainder when q is divided by ((-34)/(-4))/((-1)/(-2))?
16
Suppose -2*s = -0*s. Suppose 0 = h - s*h - 148. Suppose 3*k + 2*x = h, 0*x - 235 = -5*k - x. Calculate the remainder when k is divided by 12.
10
Let u be 3/(-2) + 7/(-14). Calculate the remainder when 7 is divided by (-44)/(-12) - u/(-3).
1
Let q = 6 + -3. Suppose -23 = -4*a - 3*p + 33, -4*p = q*a - 49. Calculate the remainder when a is divided by (-120)/(-21) - (-4)/14.
5
Let b = 50 + -46. Suppose -3*h + 36 = h. Suppose -35 = -h*s + b*s. What is the remainder when 12 is divided by s?
5
Suppose 23 = 2*l - 5*u, -u + 4 = -5*u. What is the remainder when (-2)/(16/l - 2) is divided by 6?
3
Suppose 7*l - 5 = 2*l. What is the remainder when 3 is divided by l?
0
Suppose -4*d + 2*s + 8 = -6, 2*d - 4*s = 10. Suppose 31 = -5*u + d*g + 99, -4*u + 56 = -4*g. Calculate the remainder when 220/6 - (-1)/3 is divided by u.
11
Let m = 12 - 7. Calculate the remainder when 17 is divided by m.
2
Suppose 9 = 2*x + 5*p, -3*x + 2*x + 5 = 2*p. Calculate the remainder when 22 is divided by x.
1
Calculate the remainder when (-536)/12*(-12)/8 is divided by 34.
33
Suppose y - 13 - 28 = -s, 2*y = 5*s - 177. Calculate the remainder when s is divided by 10.
7
Let z(w) = 9*w - 38. Let t = 1 + 0. Let v(n) = 8*n**3 + n. Calculate the remainder when z(7) is divided by v(t).
7
Let i be (-10)/(-5) - 0 - 0. Let t(r) = 6*r - 5. Suppose n + 100 = 6*n. What is the remainder when n is divided by t(i)?
6
Let q = -19 - -92. Calculate the remainder when q is divided by 19.
16
Let p(r) = r + 7. Let k = 12 - 4. Calculate the remainder when p(7) is divided by k.
6
Let j = 0 - -18. Calculate the remainder when j is divided by 7.
4
Let x = 122 + -108. Calculate the remainder when x is divided by 12.
2
Let f = -28 - -37. Let q(x) = 9*x**2 - 3*x + 2. Let g be q(2). What is the remainder when (g/(-6))/((-2)/6) is divided by f?
7
Let w = 21 - 11. Calculate the remainder when 29 is divided by w.
9
Let n(u) = u - 5. What is the remainder when n(13) is divided by 2?
0
Let o be (-94)/8 + (-3)/12. Let a be o/(-3)*(-1 - -3). Calculate the remainder when 67 is divided by (a - 6) + 21*1.
21
Suppose 4*y + 11 - 3 = 0. Let m(i) be the second derivative of -i**3/3 - i**2/2 + 16*i. Calculate the remainder when 5 is divided by m(y).
2
Let a(n) = -n**3 - 6*n**2 - 7*n - 12. What is the remainder when a(-6) is divided by 16?
14
Let i(n) = 2*n - 9. Suppose -3*p = -2*p, 0 = -4*z + 5*p + 72. What is the remainder when z is divided by i(7)?
3
Let v be ((-2)/(-3))/((-8)/(-396)). Let j = v - -20. Calculate the remainder when j is divided by (-1 + 2)*18/1.
17
Suppose -5*i + 25 = 0, 6*i = -g + 3*i + 52. Calculate the remainder when g is divided by -4*26/(-16)*2.
11
Let l(b) = -b**3 + 6*b**2 - 3*b + 6. Let g = -39 + -57. Let z = -45 - g. Calculate the remainder when z is divided by l(4).
25
Let n(d) = -6*d - 19. Calculate the remainder when n(-7) is divided by 13.
10
Suppose 2*h - 16 = -6*x + 3*x, -h + 14 = 3*x. Suppose -44 = -3*f - f. What is the remainder when f is divided by x?
3
Let g(j) = j + 22. What is the remainder when g(20) is divided by 23?
19
What is the remainder when 106 is divided by 11/(-2*(-2)/(-40)*-2)?
51
Let d(h) = -9*h - 4. What is the remainder when 90 is divided by d(-3)?
21
Let q = -72 + 96. What is the remainder when (-142)/8*(2 + -6) is divided by q?
23
Suppose -14 = -3*i + 4. Let o be (i/(-15))/(2/(-10)). Suppose -o*w - 2*w = -8. What is the remainder when 6 is divided by w?
0
Let p = 41 - 11. Calculate the remainder when 38 is divided by p.
8
Let o be (-8)/(2 - (2 + -1)). Let z(g) = -g**3 - 9*g**2 - 9*g + 11. Let a(d) = -d**2 - 7*d + 1. Calculate the remainder when z(o) is divided by a(-6).
5
Let d = -5 - -30. Let v(f) = -f**2 + 5*f. Let k be v(5). Suppose k = -2*a + 3*a - 7. Calculate the remainder when d is divided by a.
4
Let o = 6 - 4. Suppose -4*h + 5*i + 9 = -o*h, 5*h + 4*i = 39. Calculate the remainder when h is divided by 4.
3
Let r(y) = -3*y**3 + 2*y**2 + 2*y - 1. What is the remainder when r(-2) is divided by (5 + -2)*5*1?
12
Let c = -10 + 1. Calculate the remainder when c/((-3)/(-2) - 2) is divided by 7.
4
Let l = 252 - 151. Calculate the remainder when l is divided by 27.
20
Calculate the remainder when (-2)/4*11/((-44)/1552) is divided by 39.
38
Suppose 0 = -r - 3, 3*h + 3*r - 390 = -2*r. Calculate the remainder when h is divided by 34.
33
Suppose 5*u - 4 = 66. What is the remainder when 53 is divided by u?
11
Let p(t) = t**3 + 8*t**2 + 8*t + 15. Calculate the remainder when 62 is divided by p(-7).
6
Let b = -9 - -23. Let j be ((-50)/15)/((-2)/3). Suppose 4*p - j*h = -p + 65, -5*h - 33 = -p. What is the remainder when b is divided by p?
6
Let s(h) = 3*h + 7. What is the remainder when 19 is divided by s(0)?
5
Let d be 15*(0 + -1)/(-1). Let h = 31 - d. Calculate the remainder when (93 + (-1 - -2))/2 is divided by h.
15
Let s(i) = -i**2 + 6*i + 11. Suppose 20 = 3*v + 2. Calculate the remainder when v is divided by s(7).
2
Let z = -295 - -447. Let l = z - 95. What is the remainder when l is divided by 15?
12
Let p = 3 + -1. Let m = p - -17. What is the remainder when m is divided by 7?
5
Let c(i) = -i + 37. What is the remainder when c(0) is divided by 13?
11
Suppose 3*u - 7*u + 20 = 0. Suppose -110 = -0*y - 5*y - u*t, -67 = -3*y - 4*t. What is the remainder when y is divided by 11?
10
Suppose 5*r + 2*x = 82, -12*r + 8*r = 4*x - 68. Calculate the remainder when 93 is divided by r.
13
Suppose 0 = 2*z - 3*z + 5. Suppose q + k = 5*q - 56, 0 = -q - 5*k - 7. Calculate the remainder when q is divided by z.
3
Let r = 39 - 17. What is the remainder when r is divided by 6?
4
Let p = 49 + -48. Suppose -92 = -0*s - 4*s. What is the remainder when s is divided by 9 - (p + 10/5)?
5
Suppose -1 = -6*o + 29. Suppose 11 = 5*m + g, -4*m - g = -m - 5. Suppose -o*q - z = -m*z - 157, -1 = z. What is the remainder when q is divided by 11?
9
Let j(v) = 10*v**2 + 3*v + 2. Calculate the remainder when j(-1) is divided by 3.
0
Suppose t - 28 = -3*t. Calculate the remainder when 69 is divided by t.
6
Let u(t) = -2*t - 1. What is the remainder when u(-8) is divided by 6?
3
Let k = -21 + 46. What is the remainder when k is divided by 11?
3
Let j = 20 + -2. Let l = 37 + -2. What is the remainder when l is divided by j?
17
Suppose 58 = 3*c - 2*r, -r = -6*r - 10. Calculate the remainder when 33 is divided by c.
15
Let p(x) = x**3 + 9*x**2 + 4*x - 2. Calculate the remainder when p(-8) is divided by 11